{"id":37,"date":"2017-12-26T22:38:23","date_gmt":"2017-12-26T20:38:23","guid":{"rendered":"http:\/\/cedro.com.pl\/?page_id=37"},"modified":"2022-03-16T20:54:15","modified_gmt":"2022-03-16T18:54:15","slug":"o-wydawnictwie","status":"publish","type":"page","link":"https:\/\/cedro.com.pl\/index.php\/o-wydawnictwie\/","title":{"rendered":"O wydawnictwie"},"content":{"rendered":"<p align=\"LEFT\">Wydawnictwo Cedro i Synowie istnieje od 1995 roku. \u015awiadczy us\u0142ugi wydawnicze i poligraficzne, obejmuj\u0105ce redakcj\u0119, sk\u0142ad, \u0142amanie, korekt\u0119, przygotowanie do druku oraz druk ksi\u0105\u017cek i czasopism. Specjalizuje si\u0119 w niskonak\u0142adowych publikacjach ksi\u0105\u017ckowych o dopracowanej typografii.<\/p>\n<p align=\"LEFT\">Jako jedyni w Polsce wytwarzamy perforowane naklejki w postaci znaczka pocztowego z dowoln\u0105, zaproponowan\u0105 przez klienta zawarto\u015bci\u0105 graficzn\u0105.<\/p>\n<p align=\"LEFT\">Wydawnictwo obecnie zawiesi\u0142o dzia\u0142alno\u015b\u0107.<\/p>\n<p align=\"LEFT\">Kontakt z w\u0142a\u015bcicielem mo\u017cliwy przez stron\u0119 www.pewne.eu<\/p>\n<p align=\"LEFT\">\n","protected":false},"excerpt":{"rendered":"<p>Wydawnictwo Cedro i Synowie istnieje od 1995 roku. \u015awiadczy us\u0142ugi wydawnicze i poligraficzne, obejmuj\u0105ce redakcj\u0119, sk\u0142ad, \u0142amanie, korekt\u0119, przygotowanie do druku oraz druk ksi\u0105\u017cek i czasopism. Specjalizuje si\u0119 w niskonak\u0142adowych publikacjach ksi\u0105\u017ckowych o dopracowanej typografii. Jako jedyni w Polsce wytwarzamy perforowane naklejki w postaci znaczka pocztowego z dowoln\u0105, zaproponowan\u0105 przez klienta zawarto\u015bci\u0105 graficzn\u0105. Wydawnictwo obecnie [&hellip;]<\/p>\n","protected":false},"author":1,"featured_media":0,"parent":0,"menu_order":0,"comment_status":"closed","ping_status":"closed","template":"","meta":[],"_links":{"self":[{"href":"https:\/\/cedro.com.pl\/index.php\/wp-json\/wp\/v2\/pages\/37"}],"collection":[{"href":"https:\/\/cedro.com.pl\/index.php\/wp-json\/wp\/v2\/pages"}],"about":[{"href":"https:\/\/cedro.com.pl\/index.php\/wp-json\/wp\/v2\/types\/page"}],"author":[{"embeddable":true,"href":"https:\/\/cedro.com.pl\/index.php\/wp-json\/wp\/v2\/users\/1"}],"replies":[{"embeddable":true,"href":"https:\/\/cedro.com.pl\/index.php\/wp-json\/wp\/v2\/comments?post=37"}],"version-history":[{"count":3,"href":"https:\/\/cedro.com.pl\/index.php\/wp-json\/wp\/v2\/pages\/37\/revisions"}],"predecessor-version":[{"id":217,"href":"https:\/\/cedro.com.pl\/index.php\/wp-json\/wp\/v2\/pages\/37\/revisions\/217"}],"wp:attachment":[{"href":"https:\/\/cedro.com.pl\/index.php\/wp-json\/wp\/v2\/media?parent=37"}],"curies":[{"name":"wp","href":"https:\/\/api.w.org\/{rel}","templated":true}]}}